s(h) = -h**2 + 3*h. Let u be s(2). Let q(a) = -6*a**2 - 3*a - 4. Let z(n) = -16*n**2 - 9*n - 11. Let l(p) = 11*q(p) - 4*z(p). Give l(u).
-2
Let l(s) be the second derivative of -s**4/12 - 5*s**3/6 - 3*s**2 + 2*s. Suppose 0*h = -4*h. Suppose -x + 5*v = h, -x - v - 4*v - 10 = 0. Determine l(x).
-6
Let b(v) = -3*v**2 + 7*v**2 + 0 + 1 + v + v**2 + v**3. What is b(-4)?
13
Let w(x) = -7*x + 5*x - 2 + 3*x. Calculate w(2).
0
Let p be -2*7/(-8)*(-30)/(-180). Let l(k) be the third derivative of 0*k + 1/60*k**5 + 0 + 1/3*k**3 + p*k**4 - k**2. Determine l(-5).
-8
Suppose 0 = -2*i - 6 + 28. Let q(y) = 5*y**2 + 9*y + 5. Let r(a) = -14*a**2 - 26*a - 14. Let n(c) = i*q(c) + 4*r(c). Give n(-6).
-7
Let r = 2 - 2. Let x = r + 6. Let b(m) = 2*m**2 - 3 + m - 1 + x. Calculate b(-2).
8
Let u(o) = 28*o + 27. Let h(w) = -13*w - 13. Let z(m) = 13*h(m) + 6*u(m). What is z(-8)?
1
Let u(h) = -4*h - 3. Suppose -7*g - 4*g - 33 = 0. Calculate u(g).
9
Let x(q) = 25*q - 5. Let s(n) = 13*n - 3. Let l(i) = -5*s(i) + 3*x(i). Calculate l(2).
20
Let a(t) = 1. Let i(y) = 2*y + 8. Let n(h) = 6*a(h) - i(h). Let k(r) = 4*r + 64. Let f be k(-17). Give n(f).
6
Suppose 0*u = -3*u + 6. Let n(j) = j - 6*j + 10*j + 7 + j**u. Give n(-5).
7
Let w(y) = -y**2 + 5*y - 7. Let d(k) = -5*k. Let t be d(-5). Suppose -5 + t = 4*l. Determine w(l).
-7
Let o = 285/2 - 140. Let a(s) be the first derivative of -2 + o*s**2 - s. Determine a(1).
4
Suppose -5*y - o - 3*o + 15 = 0, -5*o + 9 = 3*y. Let i(u) be the third derivative of -u**6/120 + u**5/60 + 5*u**4/24 - 2*u**3/3 - 6*u**2. Determine i(y).
-7
Let t(o) = 2*o**2 + o. Let k be t(1). Let x(z) = z + 0 + 0*z**3 + 4*z**2 + z**k - 2. Determine x(-4).
-6
Let v(k) be the third derivative of 3*k**2 + 1/120*k**6 + 1/15*k**5 + 0 - 1/4*k**4 - 1/6*k**3 + 0*k. Determine v(-5).
4
Let m(c) = -c + 3. Let i be -3 + 7 + 40/(-5). What is m(i)?
7
Let c(d) be the third derivative of d**6/120 + 2*d**5/15 - 5*d**4/12 - 2*d**3/3 + 2*d**2 - 36. Calculate c(-9).
5
Let s(q) = -18*q - q**2 - 3 + 12*q - 3. What is s(-4)?
2
Let o(j) = 4*j - 5*j - 4 + 3*j - j. Let r(k) = k + 1. Let a be r(-4). Calculate o(a).
-7
Let r(g) = 3 + 0*g**2 - 3*g**2 + 2*g**2 + 1. Let h = 1 + 2. Suppose -v - 17 = -3*d - 5, -h*v - 24 = -5*d. Give r(v).
-5
Let r(k) be the second derivative of -k**7/840 - k**6/120 + k**5/30 - k**4/8 + k**3/2 + k. Let p(b) be the second derivative of r(b). Give p(-4).
-3
Let h = 3 + -1. Suppose h*j = 4*j - 10. Let y(o) = -j*o + 2 + 5*o - 3*o. What is y(-2)?
8
Let r(n) = -4*n + n + n. Suppose -2*k - 3 = 3. Let i = 4 + k. Give r(i).
-2
Let m be 12 - 1/4*0. Suppose j + m = 4*y - 0, -2*y = -4. Let h(i) = -i**3 - 4*i**2 - i - 5. Determine h(j).
-1
Suppose o = 6*o - 5. Let b be (-3 - -3) + -2 + o. Let t(y) = 2*y**2 - 2*y - 1. What is t(b)?
3
Let a(f) = -f**3 + 4*f**2 + 6*f - 2. Let t be (-116)/(-24) + (-3)/(-18). Give a(t).
3
Suppose 4 = 5*b - 3*x + 9, -30 = -5*b - 4*x. Let w be (0 + 2)*(-4)/b. Let t(r) = r - 1. What is t(w)?
-5
Let h(y) = -2*y + 4. Suppose 0 = 3*n - 3, -3*v - 3 = -5*n - 4. Suppose -v*l - 5*g = -3*g - 26, 3*l + 4*g - 44 = 0. Suppose 2 = -2*z + l. Give h(z).
-2
Let k(i) = -i**2 - 5*i - 2. Let s be k(-4). Let j(y) be the first derivative of -2 - y**2 - y + y**3 - 2*y**3 - s*y**3. Give j(-1).
-8
Let t(i) = -i**2 - 2 + 4*i + 1 - 3 - 3. What is t(5)?
-12
Let a(w) = -2*w**2 - 4*w - 5. Suppose 0*f + 6 = 2*f. Let n(p) = 3*p**2 + 8*p + 9. Let d(m) = f*n(m) + 5*a(m). Calculate d(4).
2
Let p(n) = -n. Let s(w) = -3*w. Let u(g) = 9*p(g) - 2*s(g). Let c(a) = a**3 - 7*a**2 + 5*a + 2. Let j be c(6). Let r be (-1)/(-1 - 2/j). Determine u(r).
-6
Let r(g) = g**3 - g + 2. Let k = 0 + 0. Let c = -57 - -59. Suppose k*d = -c*d. Calculate r(d).
2
Let d(i) = 4*i - 25. Let k(b) = -2*b + 12. Let n(l) = -3*d(l) - 7*k(l). Let f = -10 + 16. What is n(f)?
3
Let j(v) = -10*v**2. Suppose -2*u = -0*u - 2. Give j(u).
-10
Let p(c) be the first derivative of c**4/12 - 4*c**3/3 + 2*c**2 - 3*c + 5. Let s(f) be the first derivative of p(f). What is s(6)?
-8
Let t be 2*-1*(-12)/8. Let g(l) = -1 - l + l - t*l. What is g(-3)?
8
Let d(b) = -6*b**2 + 13*b - 10. Let v(f) = f**2 - f + 3. Let y(u) = 1. Let x(a) = -v(a) + 2*y(a). Let c(q) = -d(q) + 5*x(q). Give c(7).
-2
Let a(y) = 6 + 0*y**3 - 2*y - 3*y**2 + y**3 - 4*y. Suppose -5*x + 17 = 3*h, 2*h - 3 = 4*x + 1. Calculate a(h).
-2
Let u(a) = -a - 1. Let i be 12 - (4/(-4) + -3). Let b = 15 - i. What is u(b)?
0
Let n(j) = 4*j + 3. Let u(w) = 5*w**3 + 4*w + 1 - 2*w - 2*w**2 - 3*w**3 - 3*w**3. Let g be u(-2). Calculate n(g).
-9
Let j(f) = -f. Suppose 6*h = 5*h + 4. Suppose -2*c - 26 = -h*x, -5*x = -0*x + 5*c - 10. Give j(x).
-5
Let r(g) = -g**2 + 8*g - 6. Let v be r(6). Let i(k) = -k**2 + 6*k + 3. Let y be i(v). Let p(h) = h**3 - 2*h**2 - 3*h - 3. Calculate p(y).
-3
Suppose -2*n + k = -7, -3*n - 4 + 1 = 3*k. Let i(q) = 1 - 2972*q - q**2 - 2 + 2974*q + 0*q**2. What is i(n)?
-1
Let f(o) = -10 - 2 + 6 - o**2 + 5*o. Determine f(4).
-2
Let r(l) = l - 3. Let g(b) = b + 28. Let i(y) = -7. Let v(p) = 2*g(p) + 9*i(p). Let j(m) = -5*r(m) + 2*v(m). Let u = 0 + 3. Give j(u).
-2
Let y(s) = -16 + 14 - 3*s - 2*s + s. Calculate y(-8).
30
Let l(w) = w**2 - w - 2. Let y be l(-2). Suppose -p = y*p - 30. Let f(j) = -j**3 + 5*j**2 + 8*j - 7. Give f(p).
5
Let n(k) be the third derivative of -k**6/120 - k**5/15 + k**4/8 - 20*k**2. Calculate n(-5).
10
Let x be (-1 + 3)*(0 + 1). Let d(o) = -4*o - 4*o**2 - 1 + x*o - 3 - o**3. Let z = 196 + -199. Determine d(z).
-7
Let n(l) = 5*l**3 + l**2 - l - 1. Suppose 19 = -3*y + 4*m, 5*m = -2*y - 0*m + 18. What is n(y)?
-4
Let b be (0 + (-2)/(-4))*-2. Let x be 5 - 1*(b + 3). Suppose x*a + 4*o = 2*a + 16, -o = -4. Let l(p) = -p + 7. Determine l(a).
7
Let t(s) = -s - 2. Let z = 0 + 2. Suppose -4*u - 18 = -z. Let a be (-2)/4 + 10/u. Give t(a).
1
Suppose 0*c + c - 5 = 0. Let g(o) = o - 1. Calculate g(c).
4
Suppose -2*x = 4*f - 18, 5*f + 0*x = -3*x + 22. Let a(u) = 5 - 5 - f*u. Suppose -4*q + 1 = m - 4, 5*m = 5. Give a(q).
-5
Suppose 2*y + 7 = 5*v, -5*y + 15 - 1 = -2*v. Suppose -2*b - 1 = -v*c, -4*b + 2*c - 1 = -3*b. Let k(j) = 4*j - 6*j + 1 + 0*j. Calculate k(b).
-1
Let o(n) be the first derivative of 5 + n - 3/2*n**2. Calculate o(1).
-2
Let r(g) = g**3 + 6*g**2 - 2. Let y be -3 - (2 + 0) - (4 + -3). Calculate r(y).
-2
Let a(s) = -s**3 + 5*s**2 + 5. Let k(z) = -4*z - 3. Let y = -7 + 5. Let p be k(y). Calculate a(p).
5
Let d(b) be the second derivative of 7/6*b**3 + 1/12*b**4 - 1/12*b**5 + b + 0 - 1/120*b**6 - 1/2*b**2. Let z(x) be the first derivative of d(x). What is z(-5)?
-3
Suppose 6*i + 36 = -0*i. Let d(k) = 3*k + 4. Calculate d(i).
-14
Let d(j) be the first derivative of -1 + 0*j - 3*j**2 + 1/3*j**3. Determine d(5).
-5
Let b(a) = 4*a**2 + 0 - 36*a - a**3 + 7 + 39*a. What is b(5)?
-3
Let x be (-36)/27*(-6)/4. Let h(l) = l**3 + l**2 - 3*l + 1. Determine h(x).
7
Let y(k) = -5*k**2 + 8*k + 7. Let v(j) = 2*j**2 - 5*j - 6. Let f(d) = d**2 - 4*d - 6. Let c(a) = -2*f(a) + 3*v(a). Let h(r) = 4*c(r) + 3*y(r). Calculate h(-2).
9
Let d(p) = -3*p**2 - 2*p + 5. Let r(f) = 20 + 0*f**2 - 14*f**2 + f**2 - 7*f. Let g(i) = -9*d(i) + 2*r(i). Let y be 1 - (7 + 0) - -2. Calculate g(y).
-5
Let s(y) = -3*y**2 + 5*y + 3. Let d(i) = 4*i**2 - 5*i - 3. Suppose 4*w + 10 = b + w, -5*b - 4*w = 26. Let t(m) = b*d(m) - 3*s(m). Determine t(5).
-3
Let x(f) = f**3 - 2*f**2 - 3*f + 2. Let l = 28 + -16. Suppose -b - l = -5*n, -3*n + 4*b - 4 = -1. Calculate x(n).
2
Let s(g) = -g**3 - 3*g**2 - 2*g - 3. Let d = 6 + -9. Determine s(d).
3
Let h(w) = -w**2 - 9*w + 7. Let i be 2/((-4)/(18 - -2)). Calculate h(i).
-3
Suppose 4*w + s = 21, 3*w + 2 = 3*s - 1. Suppose -w*f = -f + 24. Let n = 6 + f. Let v(x) = x**2 + 4*x + 3. What is v(n)?
-1
Let k(g) = g + 4. Let x be k(5). Let y(t) = t - 8. Let b be y(x). Suppose -i + 3 = -b. Let s(z) = -2*z + 1. Calculate s(i).
-7
Let y(i) = i**3 + i**2. Let q(a) = -7*a**3 - 12*a**2 - 6*a - 7. Let u(n) = q(n) + 6*y(n). Let w(g) = g - 23. Let d be w(18). Calculate u(d).
-2
Let t(i) = 1 - 5 + 6 + 4*i. Calculate t(-2).
-6
Let b(f) = -7*f - 1. Let u(w) = -6*w. Let h(t) = -5*b(t) + 6*u(t). Determine h(3).
2
Suppose -2*i + 1 + 1 = 0. Let a be (-1)/4 + (-12)/16. Let j(k) = -k + 1. Let z(d) = 8*d. Let c(n) = a*z(n) + i*j(n). Give c(1).
-8
Let h(o) = 3*o**2 - o. Suppose -2